.
3
Let t = 43 + -123. Let k = 135 + t. Suppose 0*s = -3*s + 15. What is the highest common factor of k and s?
5
Suppose 15 = 5*a + d - 0, -a = -d - 3. Let t be -39*1*a/(-9). Suppose 4*y = 2*m - 209 + 61, -5*m + 384 = -3*y. What is the greatest common divisor of t and m?
13
Suppose -3*u + 10 = 3*h - 29, 0 = -4*u - 12. Let n = 108 + -68. Calculate the highest common divisor of h and n.
8
Let n = -29 + 41. Let u = -11 - n. Let k = u + 25. Calculate the highest common divisor of k and 1.
1
Let m(p) = p**3 + 7*p**2 - 10*p - 11. Let d be m(-9). Let g be 3/2 - (-339)/2. Let o = d + g. What is the highest common divisor of 8 and o?
8
Let l(y) = 6*y + 2*y**2 + 27 - 14*y - 12 - 12*y. Let t be l(10). What is the highest common divisor of t and 120?
15
Suppose -20 = -4*l - 4*t, l - 7 = 2*t + 13. What is the greatest common divisor of l and 200?
10
Suppose -114 = 3*r - 318. Let x be 1626/51 + 8/r. Calculate the greatest common factor of x and 4.
4
Suppose 4*h + 4*o - 6*o - 50 = 0, -5*h = 2*o - 76. Calculate the highest common factor of 861 and h.
7
Suppose 12*u + 396 - 972 = 0. Calculate the highest common divisor of 272 and u.
16
Suppose 43 = 3*u - 5. Suppose -4*l = -16 - u. What is the highest common divisor of 2 and l?
2
Suppose 4*r - 78 = 234. Let h = r + -66. What is the greatest common divisor of 48 and h?
12
Let h be (-134)/(-4) - 2/4. Let v(p) = p**3 + 75*p**2 + 526*p + 19. Let l be v(-8). Calculate the highest common divisor of l and h.
33
Let a(u) = 9*u**2 + 5*u + 24. Let q be a(-9). What is the greatest common divisor of 24 and q?
12
Let u be -24*((-24)/(-9))/2. Let t be u/(-14) + (-4)/14 + 0. Calculate the greatest common factor of t and 16.
2
Suppose 4 = -i + f + 16, -2*i + 15 = -5*f. Suppose 14*j - 200 = -4*j + 70. Calculate the highest common divisor of j and i.
15
Let f = -8 + 25. Let d = f - 34. Let u = d + 36. What is the highest common divisor of u and 209?
19
Suppose 4*y - 24 = 48. Let g be (-1)/(54/(-9840)) + (-4)/y. What is the greatest common divisor of 26 and g?
26
Let w be 8/4 + (-68)/(-2). Suppose -4*y + 4*d + 110 = 3*d, y + 4*d = w. Calculate the highest common factor of 42 and y.
14
Let u(z) = z**3 - 3*z + 5. Let f be u(2). Calculate the highest common divisor of 3 and f.
1
Suppose 0 = 4*p - 21 + 5. Let d(z) = z - 3. Let q be d(0). Let g = q + p. Calculate the greatest common divisor of 2 and g.
1
Suppose 4*y + 20 = 0, 5*z + 14*y = 15*y + 1125. Calculate the greatest common factor of 96 and z.
32
Let p(a) = 109*a**3 - 3*a**2 - 6*a - 4. Let w be p(-1). Let t = -105 - w. Calculate the greatest common factor of t and 5.
5
Let j(r) = 46*r - 80. Let f be j(7). Let y = -74 + f. What is the greatest common divisor of 24 and y?
24
Let t be 90/(-5)*(3 - 6). What is the greatest common factor of 864 and t?
54
Let u(i) = -861*i + 5229. Let k be u(6). Let b(o) = 20*o**2 + 1. Let r be b(1). Calculate the highest common divisor of k and r.
21
Suppose 207 = -40*z + 43*z. Calculate the highest common divisor of z and 27.
3
Let w be 50/(-45) - (-2)/18. Let f(p) = -98*p + 1. Let h be f(w). What is the greatest common divisor of 33 and h?
33
Let k = 182 - -1. Suppose 0 = 6*l + 9 - k. What is the greatest common divisor of l and 145?
29
Suppose -32*u - 85 = -4*a - 37*u, -3*u + 83 = 4*a. What is the greatest common divisor of 25 and a?
5
Suppose 11*m - 444 = 678. Calculate the highest common factor of m and 102.
102
Suppose -2*k + 52 = -0*k + 3*h, 5*h + 97 = 3*k. What is the highest common divisor of 2929 and k?
29
Suppose -402 = x - 4*x. Suppose 0 = -5*y + 4*r + x, -y + 3*r = -0*y - 29. Let b be 236 - (-2 - (-3 + -1)). What is the highest common divisor of b and y?
26
Let b(o) = -4*o + 9 + 1 + 2*o**2 - o**3 + 5*o**2. Let d be b(6). Calculate the highest common factor of d and 22.
22
Suppose 0 = 4*p + 8, -2*r + 4*p + 14 = -24. What is the greatest common divisor of r and 10?
5
Let r = 216 + -21. Suppose 5*k + 0*k = r. What is the highest common divisor of k and 26?
13
Suppose -2*m - 14 = -58. Suppose 0 = -25*v + m*v. Suppose v*l + 2*l = 8. Calculate the highest common divisor of 2 and l.
2
Let i = -3 - -9. Let l be (-15)/(-10)*8/i. Suppose -l*a + 56 = 26. What is the highest common divisor of a and 3?
3
Let z = -496 + 573. What is the highest common factor of 7 and z?
7
Let c(d) = -d + 7. Suppose -3*x = -2*x - 3. Let f be c(x). Suppose 2*o + 5*j - 65 = 0, 5*o = f*j - 7*j + 153. What is the greatest common divisor of o and 15?
15
Suppose 65*a - 186 = 64*a. What is the greatest common divisor of 651 and a?
93
Let i(s) = s**2 - 7*s - 110. Let l be i(17). Calculate the highest common factor of l and 210.
30
Suppose -101*k + 5755 + 70601 = 0. Calculate the greatest common divisor of k and 168.
84
Suppose 3*n = -o + 9, 35 = 8*o - 3*o + 5*n. Suppose o*p + 4 = 8*p. Suppose 3*l = -p*w + 11, w - 6 = l - 3*l. Calculate the highest common divisor of 5 and l.
1
Suppose -2*c + 0 = -4. Suppose -54 = -4*h + h - c*l, -70 = -4*h - 2*l. Let x be (-71)/(-3) - 1/(-3). Calculate the highest common divisor of x and h.
8
Suppose -4*k + 44 = -5*p + 306, 4*p - 5*k - 215 = 0. Let v(d) = -11*d**3 - 2*d**2 - 2*d - 1. Let i be v(-1). What is the greatest common factor of i and p?
10
Suppose 0 = 5*l - 15, -3*v - v + 426 = -2*l. Suppose 2*z + 65 = 7*z. Let m = z + -1. What is the greatest common divisor of m and v?
12
Suppose 0 = -20*r + 959 - 559. Let g be (-40)/(-3)*(-3)/(-2). What is the highest common divisor of r and g?
20
Suppose -6*d = -3*d - 252. Let b = -140 - -75. Let v = 77 + b. What is the greatest common divisor of v and d?
12
Let m = -117 - -125. What is the highest common divisor of 8 and m?
8
Let r be (-140)/25*1*(0 + -60). Suppose -4*o + r = -3*w, -3 - 417 = -5*o + 3*w. What is the highest common factor of 42 and o?
42
Suppose 4*b + k - 7 = 0, 4*b + b = -2*k + 5. Let l = 7 + b. Suppose -l = -2*h, 0*c = c - 2*h - 2. Calculate the greatest common factor of c and 24.
12
Let p(h) = h**3 + 4*h**2 - h - 7. Let j be p(-3). Suppose 90 = j*b - 0*b. Calculate the greatest common factor of b and 72.
18
Suppose -4 = -2*n, 0 = -4*o + 5*o + 5*n - 16. Let h be 20/2*7/((-42)/(-9)). Calculate the greatest common factor of h and o.
3
Let z = 21 - 12. Suppose 3*f - d + 6*d = z, 2*f + 4*d = 6. Let b be 244 + (15 - f)/3. What is the highest common divisor of b and 31?
31
Suppose 1846 = q + 12*q. Let b = q + -32. Calculate the greatest common divisor of b and 275.
55
Let q be 2 - 92/(-8)*2. Calculate the highest common factor of 15 and q.
5
Let u(f) = 2*f**2 - 4*f + 5. Let y be u(3). Suppose 2*x + h = 3*h + 68, x - 2*h - 35 = 0. Calculate the highest common factor of y and x.
11
Let k = -29 + 43. Suppose -b - x - 12 = 0, 5*b - 5*x - 15 = -65. Let f = b + 13. What is the greatest common factor of f and k?
2
Suppose 61*k = -3*v + 56*k + 27, 0 = 5*v + 4*k - 32. Let c(l) = l**3 + 5*l**2 + 3*l + 3. Let m be c(-3). Calculate the greatest common factor of m and v.
4
Let f = -107 + 109. What is the highest common divisor of f and 18?
2
Let f = -115 - -122. Suppose f*v = 484 - 134. Calculate the highest common divisor of 25 and v.
25
Let d be (-8)/(-140)*5 - 304/(-14). What is the highest common divisor of d and 1298?
22
Suppose k + 13*k - 168 = 0. Calculate the highest common factor of k and 84.
12
Let m(u) = -39*u + 1. Let q be m(-1). Let z be 8/5*(168/12 - -11). What is the highest common factor of z and q?
40
Let h be 198*(16/(-6))/(-4). Suppose -2*y - 5*n + 39 + 57 = 0, 4*y - 5*n - h = 0. Suppose 3*q = -0*q + 285. Calculate the greatest common factor of y and q.
19
Let h = 213 + -105. Let f(n) = n**3 - 5*n**2 + 6*n. Let c be f(6). Calculate the highest common factor of c and h.
36
Let z = 37 - 36. Let w be ((-49)/(-7))/(1/z). What is the greatest common divisor of w and 7?
7
Let r be ((-2)/(-1))/(8/16). Suppose r*g - 30 = -g. Suppose -4*w - 108 = -6*w. What is the highest common factor of g and w?
6
Suppose 21 = 4*c - 715. Let b = -120 + c. Calculate the greatest common factor of b and 16.
16
Suppose -4*d + 209 = -415. Suppose -r - r = -d. Let u be ((-52)/(-12))/(1/6). What is the greatest common factor of u and r?
26
Let b(d) = 3*d**2 - 60*d - 270. Let f be b(-5). What is the greatest common divisor of 175 and f?
35
Suppose 15*z - 23*z = -504. What is the greatest common divisor of 